{"id":13,"date":"2026-03-26T14:16:04","date_gmt":"2026-03-26T14:16:04","guid":{"rendered":"https:\/\/rotumas.lt\/?page_id=13"},"modified":"2026-04-08T10:32:52","modified_gmt":"2026-04-08T10:32:52","slug":"titulinis","status":"publish","type":"page","link":"https:\/\/rotumas.lt\/","title":{"rendered":"Titulinis"},"content":{"rendered":"\t\t<div data-elementor-type=\"wp-page\" data-elementor-id=\"13\" class=\"elementor elementor-13\" data-elementor-post-type=\"page\">\n\t\t\t\t<div class=\"elementor-element elementor-element-698e289 e-flex e-con-boxed e-con e-parent\" data-id=\"698e289\" data-element_type=\"container\" data-e-type=\"container\" data-settings=\"{&quot;background_background&quot;:&quot;classic&quot;}\">\n\t\t\t\t\t<div class=\"e-con-inner\">\n\t\t<div class=\"elementor-element elementor-element-2f4a4b1 e-con-full e-flex e-con e-child\" data-id=\"2f4a4b1\" data-element_type=\"container\" data-e-type=\"container\">\n\t\t<div class=\"elementor-element elementor-element-4e6b4a3 e-con-full e-flex e-con e-child\" data-id=\"4e6b4a3\" data-element_type=\"container\" data-e-type=\"container\">\n\t\t\t\t<\/div>\n\t\t<div class=\"elementor-element elementor-element-34e62e6 e-con-full e-flex e-con e-child\" data-id=\"34e62e6\" data-element_type=\"container\" data-e-type=\"container\">\n\t\t\t\t<div class=\"elementor-element elementor-element-4f590b8 elementor-widget elementor-widget-heading\" data-id=\"4f590b8\" data-element_type=\"widget\" data-e-type=\"widget\" data-widget_type=\"heading.default\">\n\t\t\t\t\t<h2 class=\"elementor-heading-title elementor-size-default\">Patikim\u0173 pastolinink\u0173 paie\u0161ka ir atranka darbams u\u017esienyje<\/h2>\t\t\t\t<\/div>\n\t\t\t\t<div class=\"elementor-element elementor-element-426fb84 elementor-widget elementor-widget-text-editor\" data-id=\"426fb84\" data-element_type=\"widget\" data-e-type=\"widget\" data-widget_type=\"text-editor.default\">\n\t\t\t\t\t\t\t\t\t<p>Kruop\u0161\u010diai atrenkame specialistus ir u\u017etikriname j\u0173 s\u0117kming\u0105 \u012fdarbinim\u0105 pastoli\u0173 projektuose u\u017esienyje.<\/p>\t\t\t\t\t\t\t\t<\/div>\n\t\t\t\t<div class=\"elementor-element elementor-element-50ff607 elementor-align-center elementor-widget elementor-widget-button\" data-id=\"50ff607\" data-element_type=\"widget\" data-e-type=\"widget\" data-widget_type=\"button.default\">\n\t\t\t\t\t\t\t\t\t\t<a class=\"elementor-button elementor-button-link elementor-size-sm elementor-animation-grow\" href=\"#elementor-action%3Aaction%3Dpopup%3Aopen%26settings%3DeyJpZCI6IjU0MyIsInRvZ2dsZSI6ZmFsc2V9\" id=\"\">\n\t\t\t\t\t\t<span class=\"elementor-button-content-wrapper\">\n\t\t\t\t\t\t\t\t\t<span class=\"elementor-button-text\">Susisiekti<\/span>\n\t\t\t\t\t<\/span>\n\t\t\t\t\t<\/a>\n\t\t\t\t\t\t\t\t<\/div>\n\t\t\t\t<\/div>\n\t\t\t\t<\/div>\n\t\t\t\t\t<\/div>\n\t\t\t\t<\/div>\n\t\t<div class=\"elementor-element elementor-element-f6b2a6c e-flex e-con-boxed e-con e-parent\" data-id=\"f6b2a6c\" data-element_type=\"container\" data-e-type=\"container\" data-settings=\"{&quot;background_background&quot;:&quot;classic&quot;}\">\n\t\t\t\t\t<div class=\"e-con-inner\">\n\t\t<div class=\"elementor-element elementor-element-3206d39 e-con-full e-flex e-con e-child\" data-id=\"3206d39\" data-element_type=\"container\" data-e-type=\"container\">\n\t\t\t\t<div class=\"elementor-element elementor-element-94bc4eb elementor-widget elementor-widget-heading\" data-id=\"94bc4eb\" data-element_type=\"widget\" data-e-type=\"widget\" data-widget_type=\"heading.default\">\n\t\t\t\t\t<h2 class=\"elementor-heading-title elementor-size-default\">APIE MUS<\/h2>\t\t\t\t<\/div>\n\t\t\t\t<div class=\"elementor-element elementor-element-cfd3493 elementor-widget elementor-widget-heading\" data-id=\"cfd3493\" data-element_type=\"widget\" data-e-type=\"widget\" data-widget_type=\"heading.default\">\n\t\t\t\t\t<h2 class=\"elementor-heading-title elementor-size-default\">ROTUMAS<\/h2>\t\t\t\t<\/div>\n\t\t\t\t<div class=\"elementor-element elementor-element-68bc382 elementor-widget elementor-widget-text-editor\" data-id=\"68bc382\" data-element_type=\"widget\" data-e-type=\"widget\" data-widget_type=\"text-editor.default\">\n\t\t\t\t\t\t\t\t\t<p data-start=\"104\" data-end=\"267\"><b>Mes &#8211;\u00a0<\/b>profesionali ir ver\u017eli \u012fmon\u0117, specializuojanti pastoli\u0173 montavimo bei kvalifikuoto personalo atrankos srityje \u012fvairiems projektams Lietuvoje ir u\u017esienyje.<\/p><p data-start=\"269\" data-end=\"410\"><strong>M\u016bs\u0173 tikslas<\/strong> \u2013 u\u017etikrinti auk\u0161\u010diausi\u0105 paslaug\u0173 kokyb\u0119, kurti ilgalaik\u012f klient\u0173 pasitik\u0117jim\u0105 bei nuolat auginti savo komandos kompetencijas.<\/p><p data-start=\"100\" data-end=\"275\">Didel\u012f d\u0117mes\u012f skiriame ne tik specialist\u0173 atrankai, bet ir tinkamiausi\u0173 darbuotoj\u0173 parinkimui kiekvienam projektui,<strong data-start=\"103\" data-end=\"275\"> u\u017etikrindami skland\u0173 ir efektyv\u0173 darb\u0173 \u012fgyvendinim\u0105.<\/strong><\/p>\t\t\t\t\t\t\t\t<\/div>\n\t\t\t\t<div class=\"elementor-element elementor-element-aa8fd2d elementor-widget elementor-widget-text-editor\" data-id=\"aa8fd2d\" data-element_type=\"widget\" data-e-type=\"widget\" data-widget_type=\"text-editor.default\">\n\t\t\t\t\t\t\t\t\t<p><a href=\"https:\/\/rotumas.lt\/index.php\/apie-mus\/\"><span style=\"text-decoration: underline;\">Pla\u010diau<\/span><\/a><\/p>\t\t\t\t\t\t\t\t<\/div>\n\t\t\t\t<\/div>\n\t\t<div class=\"elementor-element elementor-element-7d5e482 e-con-full elementor-hidden-mobile e-flex e-con e-child\" data-id=\"7d5e482\" data-element_type=\"container\" data-e-type=\"container\" data-settings=\"{&quot;background_background&quot;:&quot;classic&quot;}\">\n\t\t\t\t<\/div>\n\t\t\t\t\t<\/div>\n\t\t\t\t<\/div>\n\t\t<div class=\"elementor-element elementor-element-89bba09 e-flex e-con-boxed e-con e-parent\" data-id=\"89bba09\" data-element_type=\"container\" data-e-type=\"container\" data-settings=\"{&quot;background_background&quot;:&quot;gradient&quot;}\">\n\t\t\t\t\t<div class=\"e-con-inner\">\n\t\t\t\t<div class=\"elementor-element elementor-element-06bd67c elementor-widget elementor-widget-heading\" data-id=\"06bd67c\" data-element_type=\"widget\" data-e-type=\"widget\" data-widget_type=\"heading.default\">\n\t\t\t\t\t<h2 class=\"elementor-heading-title elementor-size-default\">PROJEKTAI<\/h2>\t\t\t\t<\/div>\n\t\t\t\t<div class=\"elementor-element elementor-element-bd3b4e7 elementor-widget elementor-widget-image-carousel\" data-id=\"bd3b4e7\" data-element_type=\"widget\" data-e-type=\"widget\" data-settings=\"{&quot;slides_to_show&quot;:&quot;4&quot;,&quot;slides_to_scroll&quot;:&quot;1&quot;,&quot;navigation&quot;:&quot;none&quot;,&quot;autoplay_speed&quot;:2000,&quot;speed&quot;:2000,&quot;image_spacing_custom&quot;:{&quot;unit&quot;:&quot;px&quot;,&quot;size&quot;:10,&quot;sizes&quot;:[]},&quot;slides_to_show_mobile&quot;:&quot;2&quot;,&quot;autoplay&quot;:&quot;yes&quot;,&quot;infinite&quot;:&quot;yes&quot;,&quot;image_spacing_custom_tablet&quot;:{&quot;unit&quot;:&quot;px&quot;,&quot;size&quot;:&quot;&quot;,&quot;sizes&quot;:[]},&quot;image_spacing_custom_mobile&quot;:{&quot;unit&quot;:&quot;px&quot;,&quot;size&quot;:&quot;&quot;,&quot;sizes&quot;:[]}}\" data-widget_type=\"image-carousel.default\">\n\t\t\t\t\t\t\t<div class=\"elementor-image-carousel-wrapper swiper\" role=\"region\" aria-roledescription=\"carousel\" aria-label=\"Image Carousel\" dir=\"ltr\">\n\t\t\t<div class=\"elementor-image-carousel swiper-wrapper\" aria-live=\"off\">\n\t\t\t\t\t\t\t\t<div class=\"swiper-slide\" role=\"group\" aria-roledescription=\"slide\" aria-label=\"1 of 8\"><figure class=\"swiper-slide-inner\"><img decoding=\"async\" class=\"swiper-slide-image\" src=\"https:\/\/rotumas.lt\/wp-content\/uploads\/2026\/04\/343b5320-d189-457f-82ae-7f3cf0b81fd1.png\" alt=\"343b5320-d189-457f-82ae-7f3cf0b81fd1\" \/><\/figure><\/div><div class=\"swiper-slide\" role=\"group\" aria-roledescription=\"slide\" aria-label=\"2 of 8\"><figure class=\"swiper-slide-inner\"><img decoding=\"async\" class=\"swiper-slide-image\" src=\"https:\/\/rotumas.lt\/wp-content\/uploads\/2026\/04\/6779723a-740c-47bf-a2d1-f03df043686d-1.png\" alt=\"6779723a-740c-47bf-a2d1-f03df043686d\" \/><\/figure><\/div><div class=\"swiper-slide\" role=\"group\" aria-roledescription=\"slide\" aria-label=\"3 of 8\"><figure class=\"swiper-slide-inner\"><img decoding=\"async\" class=\"swiper-slide-image\" src=\"https:\/\/rotumas.lt\/wp-content\/uploads\/2026\/04\/b384f97a-98bb-4b0c-b431-5bd24a1ee351-1.png\" alt=\"b384f97a-98bb-4b0c-b431-5bd24a1ee351\" \/><\/figure><\/div><div class=\"swiper-slide\" role=\"group\" aria-roledescription=\"slide\" aria-label=\"4 of 8\"><figure class=\"swiper-slide-inner\"><img decoding=\"async\" class=\"swiper-slide-image\" src=\"https:\/\/rotumas.lt\/wp-content\/uploads\/2026\/04\/dd9e8d98-b020-4f5d-8de3-47cb47aece0a.png\" alt=\"dd9e8d98-b020-4f5d-8de3-47cb47aece0a\" \/><\/figure><\/div><div class=\"swiper-slide\" role=\"group\" aria-roledescription=\"slide\" aria-label=\"5 of 8\"><figure class=\"swiper-slide-inner\"><img decoding=\"async\" class=\"swiper-slide-image\" src=\"https:\/\/rotumas.lt\/wp-content\/uploads\/2026\/04\/e54dd8e5-96d4-4723-ba21-4f23428fd1e2.png\" alt=\"e54dd8e5-96d4-4723-ba21-4f23428fd1e2\" \/><\/figure><\/div><div class=\"swiper-slide\" role=\"group\" aria-roledescription=\"slide\" aria-label=\"6 of 8\"><figure class=\"swiper-slide-inner\"><img decoding=\"async\" class=\"swiper-slide-image\" src=\"https:\/\/rotumas.lt\/wp-content\/uploads\/2026\/04\/Screenshot_2026-04-05_000738-removebg-preview.png\" alt=\"Screenshot_2026-04-05_000738-removebg-preview\" \/><\/figure><\/div><div class=\"swiper-slide\" role=\"group\" aria-roledescription=\"slide\" aria-label=\"7 of 8\"><figure class=\"swiper-slide-inner\"><img decoding=\"async\" class=\"swiper-slide-image\" src=\"https:\/\/rotumas.lt\/wp-content\/uploads\/2026\/04\/ed641b23-18a5-4fd8-b091-3ca421fbe0a1.png\" alt=\"ed641b23-18a5-4fd8-b091-3ca421fbe0a1\" \/><\/figure><\/div><div class=\"swiper-slide\" role=\"group\" aria-roledescription=\"slide\" aria-label=\"8 of 8\"><figure class=\"swiper-slide-inner\"><img decoding=\"async\" class=\"swiper-slide-image\" src=\"https:\/\/rotumas.lt\/wp-content\/uploads\/2026\/04\/54642e6d-f074-4e7d-8865-16ddfdc0aea4.png\" alt=\"54642e6d-f074-4e7d-8865-16ddfdc0aea4\" \/><\/figure><\/div>\t\t\t<\/div>\n\t\t\t\t\t\t\t\n\t\t\t\t\t\t\t\t\t<\/div>\n\t\t\t\t\t\t<\/div>\n\t\t\t\t\t<\/div>\n\t\t\t\t<\/div>\n\t\t\t\t<\/div>\n\t\t","protected":false},"excerpt":{"rendered":"<p>Patikim\u0173 pastolinink\u0173 paie\u0161ka ir atranka darbams u\u017esienyje Kruop\u0161\u010diai atrenkame specialistus ir u\u017etikriname j\u0173 s\u0117kming\u0105 \u012fdarbinim\u0105 pastoli\u0173 projektuose u\u017esienyje. Susisiekti APIE MUS ROTUMAS Mes &#8211;\u00a0profesionali ir ver\u017eli \u012fmon\u0117, specializuojanti pastoli\u0173 montavimo bei kvalifikuoto personalo atrankos srityje \u012fvairiems projektams Lietuvoje ir u\u017esienyje. M\u016bs\u0173 tikslas \u2013 u\u017etikrinti auk\u0161\u010diausi\u0105 paslaug\u0173 kokyb\u0119, kurti ilgalaik\u012f klient\u0173 pasitik\u0117jim\u0105 bei nuolat auginti savo [&hellip;]<\/p>\n","protected":false},"author":1,"featured_media":0,"parent":0,"menu_order":0,"comment_status":"closed","ping_status":"closed","template":"","meta":{"footnotes":""},"class_list":["post-13","page","type-page","status-publish","hentry"],"_links":{"self":[{"href":"https:\/\/rotumas.lt\/index.php\/wp-json\/wp\/v2\/pages\/13","targetHints":{"allow":["GET"]}}],"collection":[{"href":"https:\/\/rotumas.lt\/index.php\/wp-json\/wp\/v2\/pages"}],"about":[{"href":"https:\/\/rotumas.lt\/index.php\/wp-json\/wp\/v2\/types\/page"}],"author":[{"embeddable":true,"href":"https:\/\/rotumas.lt\/index.php\/wp-json\/wp\/v2\/users\/1"}],"replies":[{"embeddable":true,"href":"https:\/\/rotumas.lt\/index.php\/wp-json\/wp\/v2\/comments?post=13"}],"version-history":[{"count":286,"href":"https:\/\/rotumas.lt\/index.php\/wp-json\/wp\/v2\/pages\/13\/revisions"}],"predecessor-version":[{"id":906,"href":"https:\/\/rotumas.lt\/index.php\/wp-json\/wp\/v2\/pages\/13\/revisions\/906"}],"wp:attachment":[{"href":"https:\/\/rotumas.lt\/index.php\/wp-json\/wp\/v2\/media?parent=13"}],"curies":[{"name":"wp","href":"https:\/\/api.w.org\/{rel}","templated":true}]}}